) in base 7?
-13
-1002 (base 3) to base 13
-23
What is 2 (base 6) in base 9?
2
Convert -10101 (base 2) to base 7.
-30
168 (base 12) to base 11
194
What is 23 (base 6) in base 11?
14
4 (base 13) to base 16
4
-10011111 (base 2) to base 8
-237
-127 (base 10) to base 3
-11201
8 (base 9) to base 6
12
b8 (base 12) to base 16
8c
What is 68 (base 16) in base 7?
206
Convert -111 (base 2) to base 15.
-7
What is -16 (base 10) in base 5?
-31
What is -19 (base 11) in base 10?
-20
0 (base 7) to base 8
0
Convert -132 (base 4) to base 10.
-30
Convert 0 (base 10) to base 15.
0
Convert -2 (base 10) to base 4.
-2
Convert 1d (base 15) to base 10.
28
Convert 93 (base 11) to base 9.
123
What is -7 (base 14) in base 2?
-111
-213 (base 5) to base 8
-72
Convert -5 (base 13) to base 11.
-5
4 (base 7) to base 11
4
-17 (base 11) to base 9
-20
a (base 14) to base 9
11
24 (base 5) to base 9
15
What is 412 (base 5) in base 12?
8b
What is -5 (base 9) in base 10?
-5
Convert 29 (base 13) to base 10.
35
Convert -502 (base 6) to base 11.
-156
-7 (base 10) to base 14
-7
Convert -100 (base 2) to base 4.
-10
What is 1 (base 14) in base 3?
1
Convert -5 (base 16) to base 15.
-5
What is -74 (base 8) in base 13?
-48
Convert 5 (base 7) to base 13.
5
Convert 4 (base 14) to base 10.
4
-2 (base 5) to base 6
-2
Convert 22 (base 6) to base 8.
16
Convert 106 (base 7) to base 2.
110111
-1222 (base 3) to base 7
-104
Convert -4 (base 11) to base 3.
-11
68 (base 15) to base 9
118
-43 (base 6) to base 5
-102
Convert -1c (base 13) to base 2.
-11001
Convert -5 (base 16) to base 15.
-5
-510 (base 6) to base 4
-2322
Convert -2 (base 3) to base 6.
-2
What is 13 (base 9) in base 5?
22
Convert 17 (base 8) to base 5.
30
What is 4 (base 13) in base 16?
4
What is 14 (base 14) in base 10?
18
What is 33 (base 9) in base 3?
1010
1 (base 2) to base 13
1
What is -2 (base 7) in base 8?
-2
What is -15 (base 10) in base 3?
-120
Convert -162 (base 10) to base 11.
-138
What is -2 (base 11) in base 8?
-2
-40 (base 13) to base 5
-202
-14 (base 12) to base 9
-17
Convert 6 (base 8) to base 5.
11
Convert -110 (base 3) to base 15.
-c
12 (base 6) to base 11
8
What is -44 (base 16) in base 8?
-104
Convert 5 (base 15) to base 7.
5
What is -1 (base 12) in base 5?
-1
What is -26 (base 8) in base 2?
-10110
What is 8 (base 11) in base 16?
8
Convert 5 (base 13) to base 15.
5
0 (base 11) to base 14
0
What is -28 (base 14) in base 12?
-30
1011 (base 5) to base 16
83
Convert -4 (base 10) to base 7.
-4
What is d (base 14) in base 10?
13
Convert 5 (base 16) to base 2.
101
What is -404 (base 5) in base 8?
-150
What is -2 (base 3) in base 10?
-2
Convert -7 (base 14) to base 2.
-111
-3 (base 16) to base 13
-3
202 (base 4) to base 6
54
Convert -2 (base 3) to base 10.
-2
What is -2 (base 14) in base 10?
-2
What is 21 (base 4) in base 12?
9
-1 (base 7) to base 14
-1
-101 (base 2) to base 10
-5
What is 110 (base 5) in base 12?
26
13 (base 15) to base 2
10010
4 (base 8) to base 9
4
What is -3 (base 10) in base 2?
-11
106 (base 12) to base 4
2112
-56 (base 13) to base 5
-241
Convert -23 (base 9) to base 3.
-210
Convert 55 (base 6) to base 7.
50
What is -8 (base 10) in base 4?
-20
What is -50 (base 9) in base 14?
-33
1d (base 16) to base 15
1e
Convert -26 (base 7) to base 10.
-20
Convert 101 (base 13) to base 4.
2222
What is 67 (base 13) in base 11?
78
-10 (base 6) to base 10
-6
What is -24 (base 8) in base 3?
-202
Convert b3 (base 12) to base 13.
a5
Convert 15 (base 8) to base 4.
31
Convert -21 (base 15) to base 8.
-37
-4 (base 14) to base 6
-4
Convert 8 (base 12) to base 2.
1000
-6 (base 16) to base 6
-10
77 (base 12) to base 11
83
Convert -1000 (base 2) to base 4.
-20
What is -4 (base 9) in base 11?
-4
What is 64 (base 8) in base 6?
124
3133 (base 4) to base 10
223
What is 4a (base 11) in base 14?
3c
-17 (base 11) to base 10
-18
What is 11 (base 2) in base 7?
3
Convert -30 (base 7) to base 14.
-17
-3 (base 9) to base 5
-3
Convert 111 (base 4) to base 5.
41
Convert -202 (base 9) to base 16.
-a4
What is 4 (base 14) in base 8?
4
What is 6 (base 8) in base 3?
20
2b (base 15) to base 12
35
18a (base 12) to base 16
fa
What is -73 (base 10) in base 2?
-1001001
What is -455 (base 8) in base 2?
-100101101
-201 (base 5) to base 3
-1220
What is 4 (base 12) in base 15?
4
What is -133 (base 5) in base 6?
-111
1 (base 7) to base 8
1
-57 (base 9) to base 13
-40
What is 2 (base 3) in base 2?
10
Convert -10 (base 10) to base 16.
-a
Convert -c (base 14) to base 12.
-10
0 (base 6) to base 15
0
Convert 26 (base 9) to base 16.
18
1 (base 12) to base 10
1
-1121 (base 4) to base 3
-10022
What is 0 (base 14) in base 4?
0
What is 83 (base 16) in base 2?
10000011
Convert 11 (base 11) to base 4.
30
What is 6 (base 13) in base 2?
110
Convert 2 (base 11) to base 5.
2
-4 (base 12) to base 16
-4
What is 2102 (base 3) in base 9?
72
What is 5 (base 10) in base 6?
5
Convert 263 (base 9) to base 16.
db
What is -10 (base 3) in base 5?
-3
Convert -132 (base 5) to base 11.
-39
Convert 341 (base 11) to base 10.
408
What is 1121 (base 3) in base 15?
2d
-13 (base 12) to base 14
-11
10010 (base 2) to base 16
12
Convert 0 (base 7) to base 2.
0
What is 13a (base 11) in base 2?
10100100
Convert 10000 (base 3) to base 12.
69
What is -11 (base 6) in base 14?
-7
-10 (base 9) to base 7
-12
Convert -16 (base 14) to base 10.
-20
Convert 1 (base 5) to base 4.
1
-332 (base 4) to base 12
-52
-1c (base 13) to base 15
-1a
Convert 4 (base 14) to base 10.
4
11 (base 3) to base 8
4
-10011011 (base 2) to base 9
-182
What is 1000 (base 2) in base 10?
8
Convert 5 (base 10) to base 9.
5
-5 (base 12) to base 11
-5
Convert -5a (base 12) to base 3.
-2121
Convert -2b (base 12) to base 8.
-43
Convert 56 (base 14) to base 6.
204
Convert 175 (base 8) to base 9.
148
3 (base 6) to base 11
3
Convert -1121 (base 4) to base 15.
-5e
What is 2 (base 16) in base 14?
2
What is -7 (base 14) in base 12?
-7
10 (base 2) to base 14
2
Convert -5 (base 8) to base 16.
-5
1110 (base 2) to base 6
22
What is -3 (base 15) in base 12?
-3
What is -5 (base 11) in base 15?
-5
What is 23 (base 5) in base 13?
10
Convert 14 (base 7) to base 15.
b
3 (base 11) to base 15
3
Convert 221 (base 3) to base 10.
25
1001 (base 3) to base 7
40
What is a9 (base 12) in base 3?
11210
What is 6 (base 14) in base 7?
6
What is -260 (base 7) in base 6?
-352
-7 (base 8) to base 14
-7
-11 (base 5) to base 4
-12
10001100 (base 2) to base 16
8c
Convert -1110 (base 2) to base 3.
-112
Convert 4 (base 14) to base 2.
100
Convert 231 (base 4) to base 5.
140
What is 21 (base 11) in base 16?
17
What is 8 (base 13) in base 11?
8
Convert -5 (base 11) to base 4.
-11
What is 23 (base 8) in base 14?
15
-3 (base 11) to base 2
-11
Convert 200 (base 11) to base 13.
158
28 (base 10) to base 14
20
0 (base 3) to base 5
0
Convert 5 (base 11) to base 13.
5
Convert -1 (base 8) to base 10.
-1
Convert -121 (base 3) to base 10.
-16
3 (base 12) to base 9
3
What is -14 (base 10) in base 16?
-e
-10010 (base 3) to base 9
-103
-128 (base 15) to base 8
-407
What is -1220 (base 4) in base 8?
-150
Convert 30 (base 4) to base 8.
14
Convert 1 (base 4) to base 5.
1
What is 1d (base 16) in base 11?
27
What is 23 (base 14) in base 7?
43
Convert 1 (base 5) to base 4.
1
Convert 4 (base 15) to base 13.
4
What is 147 (base 12) in base 4?
3013
-142 (base 5) to base 12
-3b
Convert 63 (base 14) to base 3.
10020
Convert 1b4 (base 15) to base 7.
1102
-c (base 16) to base 7
-15
What is 9 (base 10) in base 12?
9
What is -2 (base 14) in base 6?
-2
Convert 3 (base 9) to base 5.
3
3 (base 11) to base 3
10
111 (base 16) to base 11
229
-343 (base 5) to base 7
-200
-111 (base 2) to base 4
-13
-3 (base 14) to base 10
-3
Convert 1 (base 13) to base 15.
1
-16 (base 11) to base 4
-101
Convert -12 (base 11) to base 14.
-d
Convert -20 (base 7) to base 14.
-10
Convert 10 (base 14) to base 5.
24
10010000 (base 2) to base 8
220
0 (base 2) to base 14
0
Convert 3 (base 14) to base 12.
3
What is a (base 15) in base 10?
10
-413 (base 5) to base 11
-99
Convert 1012 (base 3) to base 6.
52
Convert -3 (base 5) to base 10.
-3
What is -23 (base 8) in base 3?
-201
0 (base 6) to base 3
0
-2132 (base 4) to base 6
-422
What is -110 (base 5) in base 4?
-132
Convert b (base 13) to base 10.
11
40 (base 10) to base 11
37
Convert 117 (